late the remainder when 77 is divided by 18.
5
What is the remainder when 1612 is divided by 123?
13
What is the remainder when 6153 is divided by 324?
321
What is the remainder when 126 is divided by 65?
61
Calculate the remainder when 141 is divided by 38.
27
Calculate the remainder when 1694 is divided by 19.
3
Calculate the remainder when 377 is divided by 38.
35
Calculate the remainder when 112 is divided by 63.
49
Calculate the remainder when 563 is divided by 144.
131
Calculate the remainder when 1904 is divided by 460.
64
What is the remainder when 319 is divided by 8?
7
What is the remainder when 199 is divided by 73?
53
What is the remainder when 328 is divided by 64?
8
What is the remainder when 919 is divided by 59?
34
Calculate the remainder when 2053 is divided by 137.
135
What is the remainder when 36449 is divided by 26?
23
Calculate the remainder when 187 is divided by 39.
31
Calculate the remainder when 1717 is divided by 429.
1
What is the remainder when 1646 is divided by 52?
34
What is the remainder when 77 is divided by 20?
17
What is the remainder when 103 is divided by 85?
18
Calculate the remainder when 789 is divided by 237.
78
Calculate the remainder when 2530 is divided by 54.
46
Calculate the remainder when 243 is divided by 127.
116
Calculate the remainder when 48 is divided by 40.
8
What is the remainder when 611 is divided by 203?
2
What is the remainder when 81 is divided by 28?
25
What is the remainder when 56 is divided by 13?
4
What is the remainder when 1060 is divided by 59?
57
Calculate the remainder when 148 is divided by 38.
34
What is the remainder when 172 is divided by 18?
10
Calculate the remainder when 388 is divided by 27.
10
Calculate the remainder when 669 is divided by 12.
9
Calculate the remainder when 197 is divided by 46.
13
What is the remainder when 310 is divided by 12?
10
What is the remainder when 23655 is divided by 41?
39
Calculate the remainder when 46 is divided by 6.
4
Calculate the remainder when 697 is divided by 78.
73
What is the remainder when 1217 is divided by 605?
7
Calculate the remainder when 857 is divided by 169.
12
What is the remainder when 124 is divided by 5?
4
What is the remainder when 192 is divided by 57?
21
What is the remainder when 152 is divided by 28?
12
What is the remainder when 1466 is divided by 4?
2
What is the remainder when 5012 is divided by 58?
24
What is the remainder when 63 is divided by 10?
3
Calculate the remainder when 488 is divided by 10.
8
Calculate the remainder when 1881 is divided by 16.
9
What is the remainder when 960 is divided by 81?
69
Calculate the remainder when 307 is divided by 77.
76
What is the remainder when 191 is divided by 40?
31
What is the remainder when 4906 is divided by 2449?
8
Calculate the remainder when 1621 is divided by 326.
317
What is the remainder when 513 is divided by 35?
23
What is the remainder when 42 is divided by 12?
6
Calculate the remainder when 96 is divided by 33.
30
Calculate the remainder when 1239 is divided by 46.
43
Calculate the remainder when 4719 is divided by 2353.
13
What is the remainder when 148 is divided by 148?
0
What is the remainder when 7389 is divided by 21?
18
What is the remainder when 52 is divided by 22?
8
What is the remainder when 477 is divided by 80?
77
Calculate the remainder when 272 is divided by 92.
88
What is the remainder when 295 is divided by 25?
20
Calculate the remainder when 53 is divided by 27.
26
Calculate the remainder when 204 is divided by 42.
36
What is the remainder when 401 is divided by 13?
11
What is the remainder when 23 is divided by 1?
0
Calculate the remainder when 2847 is divided by 157.
21
What is the remainder when 3376 is divided by 1124?
4
Calculate the remainder when 904 is divided by 29.
5
Calculate the remainder when 3461 is divided by 151.
139
What is the remainder when 933 is divided by 45?
33
What is the remainder when 58 is divided by 54?
4
Calculate the remainder when 339 is divided by 49.
45
Calculate the remainder when 632 is divided by 47.
21
Calculate the remainder when 278 is divided by 14.
12
Calculate the remainder when 220 is divided by 43.
5
Calculate the remainder when 5387 is divided by 12.
11
Calculate the remainder when 575 is divided by 191.
2
What is the remainder when 229 is divided by 23?
22
Calculate the remainder when 124 is divided by 7.
5
What is the remainder when 7215 is divided by 11?
10
Calculate the remainder when 339 is divided by 10.
9
What is the remainder when 804 is divided by 66?
12
What is the remainder when 203 is divided by 32?
11
What is the remainder when 120 is divided by 35?
15
What is the remainder when 44 is divided by 28?
16
What is the remainder when 4730 is divided by 13?
11
What is the remainder when 452 is divided by 150?
2
What is the remainder when 10373 is divided by 182?
181
What is the remainder when 7399 is divided by 3692?
15
Calculate the remainder when 3379 is divided by 49.
47
Calculate the remainder when 980 is divided by 483.
14
What is the remainder when 144 is divided by 76?
68
Calculate the remainder when 175 is divided by 24.
7
What is the remainder when 276 is divided by 140?
136
Calculate the remainder when 215 is divided by 72.
71
Calculate the remainder when 188 is divided by 7.
6
What is the remainder when 597 is divided by 14?
9
What is the remainder when 4058 is divided by 54?
8
Calculate the remainder when 488 is divided by 62.
54
Calculate the remainder when 45 is divided by 41.
4
Calculate the remainder when 2972 is divided by 33.
2
Calculate the remainder when 981 is divided by 952.
29
What is the remainder when 387 is divided by 77?
2
Calculate the remainder when 358 is divided by 60.
58
What is the remainder when 3952 is divided by 439?
1
What is the remainder when 266 is divided by 136?
130
What is the remainder when 1413 is divided by 144?
117
Calculate the remainder when 5547 is divided by 19.
18
What is the remainder when 299 is divided by 94?
17
What is the remainder when 274 is divided by 65?
14
What is the remainder when 5129 is divided by 135?
134
Calculate the remainder when 21229 is divided by 5.
4
What is the remainder when 66141 is divided by 32?
29
What is the remainder when 3212 is divided by 1059?
35
Calculate the remainder when 86 is divided by 20.
6
What is the remainder when 237 is divided by 37?
15
What is the remainder when 282 is divided by 18?
12
What is the remainder when 415 is divided by 103?
3
Calculate the remainder when 37 is divided by 12.
1
What is the remainder when 1749 is divided by 10?
9
Calculate the remainder when 189 is divided by 50.
39
What is the remainder when 558 is divided by 32?
14
Calculate the remainder when 84 is divided by 10.
4
Calculate the remainder when 178 is divided by 74.
30
Calculate the remainder when 941 is divided by 136.
125
What is the remainder when 61 is divided by 18?
7
What is the remainder when 138 is divided by 4?
2
Calculate the remainder when 596 is divided by 40.
36
What is the remainder when 8674 is divided by 18?
16
Calculate the remainder when 18908 is divided by 33.
32
What is the remainder when 85 is divided by 63?
22
What is the remainder when 1924 is divided by 69?
61
What is the remainder when 111 is divided by 53?
5
Calculate the remainder when 306 is divided by 11.
9
What is the remainder when 2753 is divided by 81?
80
Calculate the remainder when 129 is divided by 20.
9
Calculate the remainder when 108 is divided by 40.
28
What is the remainder when 698 is divided by 141?
134
Calculate the remainder when 129 is divided by 23.
14
What is the remainder when 1716 is divided by 41?
35
Calculate the remainder when 42 is divided by 41.
1
Calculate the remainder when 1031 is divided by 47.
44
What is the remainder when 349 is divided by 88?
85
What is the remainder when 119 is divided by 8?
7
What is the remainder when 294 is divided by 65?
34
What is the remainder when 2329 is divided by 63?
61
Calculate the remainder when 188 is divided by 38.
36
Calculate the remainder when 647 is divided by 162.
161
Calculate the remainder when 199 is divided by 35.
24
Calculate the remainder when 260 is divided by 120.
20
Calculate the remainder when 3663 is divided by 282.
279
What is the remai